{"id":551,"date":"2025-08-29T10:03:46","date_gmt":"2025-08-29T08:03:46","guid":{"rendered":"https:\/\/casablanca.dev.gejststudio.com\/moranna\/?page_id=551"},"modified":"2026-04-27T12:51:30","modified_gmt":"2026-04-27T10:51:30","slug":"kontaktogabningstider","status":"publish","type":"page","link":"https:\/\/casablanca.dev.gejststudio.com\/moranna\/kontaktogabningstider\/","title":{"rendered":"Kontakt og \u00e5bningstider"},"content":{"rendered":"\n<div class=\"block-masthead relative max-w-full alignfull has-background w-full alignfull\">\n\r\n<header\r\n    data-hero\r\n    data-hero-type=\"text_and_bg\"\r\n     class='block-hero relative max-w-full alignfull has-background w-full alignfull'>\r\n\r\n    \r\n        \n<div class=\"site-padding-x pt-[var(--header-height)]\">\n    <div class=\"relative flex flex-col justify-end w-full mx-auto max-w-site-width min-h-[70vmin] sm:min-h-[60vmin] rounded overflow-hidden\">\n\n        <!-- Content -->\n        <div\n            data-hero-content\n            class=\"relative z-10 max-w-screen-xl sm:w-10\/12 module-padding-x module-padding-y text-white\"\n        >\n                            <h1 class=\"display-text\">Kontakt og \u00e5bningstider<\/h1>\n                    <\/div>\n\n        <!-- Media -->\n        \n<div\n    class=\"absolute inset-x-0 top-0 h-full mx-auto\"\n    data-hero-media-outer\n    data-hero-media-should-animate=\"true\"\n>\n    <div\n        class=\"relative w-full h-full overflow-hidden bg-black rounded\"\n        data-hero-media-container\n    >\n\n        \n            <img loading=\"lazy\" decoding=\"async\" width=\"2560\" height=\"1670\" src=\"https:\/\/casablanca.dev.gejststudio.com\/moranna\/wp-content\/uploads\/sites\/5\/2025\/08\/Mor-Anna-002_JUSTERET_web-2560x1670.jpg\" class=\"absolute top-0 left-0 h-full w-full object-cover scale-[1.06] blur-lg\" alt=\"\" style=\"opacity: 0.4;\" data-hero-media=\"true\" srcset=\"https:\/\/casablanca.dev.gejststudio.com\/moranna\/wp-content\/uploads\/sites\/5\/2025\/08\/Mor-Anna-002_JUSTERET_web-2560x1670.jpg 2560w, https:\/\/casablanca.dev.gejststudio.com\/moranna\/wp-content\/uploads\/sites\/5\/2025\/08\/Mor-Anna-002_JUSTERET_web-1280x835.jpg 1280w, https:\/\/casablanca.dev.gejststudio.com\/moranna\/wp-content\/uploads\/sites\/5\/2025\/08\/Mor-Anna-002_JUSTERET_web-768x501.jpg 768w, https:\/\/casablanca.dev.gejststudio.com\/moranna\/wp-content\/uploads\/sites\/5\/2025\/08\/Mor-Anna-002_JUSTERET_web-1536x1002.jpg 1536w, https:\/\/casablanca.dev.gejststudio.com\/moranna\/wp-content\/uploads\/sites\/5\/2025\/08\/Mor-Anna-002_JUSTERET_web-2048x1336.jpg 2048w\" sizes=\"auto, (max-width: 2560px) 100vw, 2560px\" \/>\n        \n        \n    <\/div>\n<\/div>\n\n    <\/div>\n<\/div>\n\r\n    \r\n<\/header>\r\n\n<\/div>\n\n\n\n<h2 class=\"wp-block-heading alignwide has-text-align-center\"><a href=\"mailto:kontakt@moranna.dk\">\u00c5bningstider<\/a><\/h2>\n\n\n\n<p class=\"has-text-align-center\">Mandag &#8211; fredag: 07.00 &#8211; 18.00<br>L\u00f8rdag &#8211; s\u00f8ndag: 08.00 &#8211; 17.00<\/p>\n\n\n\n\n    <section  class='block-text-and-media alignwide'>\n        <div class=\"block-inner-container grid grid-cols-1 gap-y-5 gap-x-[8vmin] md:grid-cols-2\">\n\n            <!-- Content-->\n            <div class=\"col-span-1 flex flex-col gap-5 md:gap-12 md:w-11\/12 text-left\">\n                                    <h2 class=\"display-text-md text-brand\">\n                        Bestillinger                    <\/h2>\n                \n                                    <div class=\"flex flex-col gap-5 md:gap-6\">\n                                                    <div class=\"wysiwyg-formatting\">\n                                <p>St\u00f8rre bestillinger kan afgives p\u00e5 e-mail. Som grundregel vil vi gerne have bestillinger senest 3 dage f\u00f8r afhentning (mandag til fredag i tidsrummet fra 08.00 &#8211; 15.00).<br \/>\nMor Annas sandwich kan bestilles alle hverdage \u2013 og p\u00e5 dagen \u2013 inden kl. 10.00 p\u00e5 e-mail.<\/p>\n                            <\/div>\n                        \n                                            <\/div>\n                \n                            <\/div>\n\n            <!-- Media -->\n            <div class=\" md:order-last\">\n                    <figure class=\"relative flex items-center h-full w-full overflow-hidden rounded aspect-video\">\n\n        \n            <img loading=\"lazy\" decoding=\"async\" width=\"1280\" height=\"960\" src=\"https:\/\/casablanca.dev.gejststudio.com\/moranna\/wp-content\/uploads\/sites\/5\/2025\/08\/20230914_051602747_iOS-scaled-e1756457998973-1280x960.jpg\" class=\"w-full h-full object-cover\" alt=\"\" srcset=\"https:\/\/casablanca.dev.gejststudio.com\/moranna\/wp-content\/uploads\/sites\/5\/2025\/08\/20230914_051602747_iOS-scaled-e1756457998973-1280x960.jpg 1280w, https:\/\/casablanca.dev.gejststudio.com\/moranna\/wp-content\/uploads\/sites\/5\/2025\/08\/20230914_051602747_iOS-scaled-e1756457998973-768x576.jpg 768w, https:\/\/casablanca.dev.gejststudio.com\/moranna\/wp-content\/uploads\/sites\/5\/2025\/08\/20230914_051602747_iOS-scaled-e1756457998973-1536x1152.jpg 1536w, https:\/\/casablanca.dev.gejststudio.com\/moranna\/wp-content\/uploads\/sites\/5\/2025\/08\/20230914_051602747_iOS-scaled-e1756457998973-2048x1536.jpg 2048w\" sizes=\"auto, (max-width: 1280px) 100vw, 1280px\" \/>\n        \n        \n    <\/figure>\n            <\/div>\n\n        <\/div>\n    <\/section>\n\n\n\n\n    <div  class='block-cta relative alignfull has-background bg-brand-bg text-white alignwide'>\n        <div class=\"block-inner-container\">\n\n            <div class=\"relative flex flex-col items-center justify-center text-center gap-5 lg:gap-8 w-full mx-auto max-w-site-width site-padding-x py-[5vmin]\">\n                                    <h2 class=\"display-text max-w-screen-lg text-white\">\n                        Kontakt os                    <\/h2>\n                \n                                    <div class=\"w-11\/12 max-w-md\">\n                        Angiv venligst dit telefonnummer i e-mailen, s\u00e5 vender vi retur hurtigst muligt.<br \/>\r\n<br \/>\r\nHvis du har sp\u00f8rgsm\u00e5l, id\u00e9er eller feedback, kan du benytte vores e-mail.<br \/>\r\n<br \/>\r\nDet samme g\u00e6lder, hvis du vil sende en uopfordret ans\u00f8gning.                    <\/div>\n                \n                                    <div x-data={} class=\"flex gap-x-4 gap-y-2 flex-wrap\">\n\t\t\t\t<a href=\"mailto:kontakt@moranna.dk?subject=Foresp%C3%B8rgsel&#038;body=\" target=\"_self\"  class=\"max-w-fit btn-white \">\n                    Send os en e-mail\n\t\t\t\t<\/a>\n\t\t\t<\/div>                            <\/div>\n\n        <\/div>\n    <\/div>\n\n\n\n\n<h2 class=\"wp-block-heading has-text-align-center\">find vej<\/h2>\n\n\n\n<p class=\"has-text-align-center\">Mejlgade 5, 8000 Aarhus C<\/p>\n\n\n\n<iframe src=\"https:\/\/www.google.com\/maps\/embed?pb=!1m18!1m12!1m3!1d2221.962750162354!2d10.209172277126028!3d56.15774866072804!2m3!1f0!2f0!3f0!3m2!1i1024!2i768!4f13.1!3m3!1m2!1s0x464c3f97213de98d%3A0x8586ed0827d8dc2b!2sMor%20Anna!5e0!3m2!1sda!2sdk!4v1759918251364!5m2!1sda!2sdk\" width=\"600\" height=\"450\" style=\"border:0;\" allowfullscreen=\"\" loading=\"lazy\" referrerpolicy=\"no-referrer-when-downgrade\"><\/iframe>\n","protected":false},"excerpt":{"rendered":"<p>\u00c5bningstider Mandag &#8211; fredag: 07.00 &#8211; 18.00L\u00f8rdag &#8211; s\u00f8ndag: 08.00 &#8211; 17.00 find vej Mejlgade 5, 8000 Aarhus C<\/p>\n","protected":false},"author":2,"featured_media":0,"parent":0,"menu_order":0,"comment_status":"closed","ping_status":"closed","template":"","meta":{"_acf_changed":false,"footnotes":""},"class_list":["post-551","page","type-page","status-publish","hentry"],"acf":[],"_links":{"self":[{"href":"https:\/\/casablanca.dev.gejststudio.com\/moranna\/wp-json\/wp\/v2\/pages\/551","targetHints":{"allow":["GET"]}}],"collection":[{"href":"https:\/\/casablanca.dev.gejststudio.com\/moranna\/wp-json\/wp\/v2\/pages"}],"about":[{"href":"https:\/\/casablanca.dev.gejststudio.com\/moranna\/wp-json\/wp\/v2\/types\/page"}],"author":[{"embeddable":true,"href":"https:\/\/casablanca.dev.gejststudio.com\/moranna\/wp-json\/wp\/v2\/users\/2"}],"replies":[{"embeddable":true,"href":"https:\/\/casablanca.dev.gejststudio.com\/moranna\/wp-json\/wp\/v2\/comments?post=551"}],"version-history":[{"count":24,"href":"https:\/\/casablanca.dev.gejststudio.com\/moranna\/wp-json\/wp\/v2\/pages\/551\/revisions"}],"predecessor-version":[{"id":744,"href":"https:\/\/casablanca.dev.gejststudio.com\/moranna\/wp-json\/wp\/v2\/pages\/551\/revisions\/744"}],"wp:attachment":[{"href":"https:\/\/casablanca.dev.gejststudio.com\/moranna\/wp-json\/wp\/v2\/media?parent=551"}],"curies":[{"name":"wp","href":"https:\/\/api.w.org\/{rel}","templated":true}]}}